
In base 9, what is -21723788 - -2?
-21723786
In base 12, what is 21397 - -43?
2141a
In base 8, what is 77 - 35650523?
-35650424
In base 5, what is 11443 + 31104141?
31121134
In base 2, what is -110 + 111011001110110100?
111011001110101110
In base 6, what is -32053025 - 414?
-32053443
In base 12, what is 637356 - -6?
637360
In base 11, what is 5150 + 82483?
87623
In base 9, what is -2056 - 4818?
-6875
In base 7, what is -53 + 2646141?
2646055
In base 3, what is 21100111101222 + -221?
21100111101001
In base 16, what is -6 - -2cd10df?
2cd10d9
In base 14, what is 1ab2133c + 5?
1ab21343
In base 4, what is -10 - -310012121312?
310012121302
In base 13, what is -14307a1 + 4a?
-1430754
In base 5, what is 104023 - 210344?
-101321
In base 11, what is -39 + 15851a4?
1585166
In base 14, what is 6 + -583020?
-583018
In base 7, what is -40140 + 14040?
-23100
In base 16, what is -12fb7dcb - 0?
-12fb7dcb
In base 14, what is -752c9 - -35?
-75294
In base 13, what is -147a7 - b?
-147b5
In base 12, what is 4 + 709301?
709305
In base 6, what is -120 + -21121405?
-21121525
In base 9, what is -230062 + -168?
-230241
In base 13, what is 56c3850 - -1?
56c3851
In base 4, what is 30102 - 1333121331?
-1333031223
In base 4, what is 221 + -3302321032?
-3302320211
In base 11, what is -15 + -95a60?
-95a75
In base 7, what is -14 + -33233156?
-33233203
In base 16, what is 40 + -23b4c3?
-23b483
In base 11, what is -10a3758 - -2?
-10a3756
In base 12, what is 283235 + 243?
283478
In base 4, what is 2002312 - -103310?
2112222
In base 10, what is 5057 + 1123?
6180
In base 15, what is -24b05d - 81?
-24b0de
In base 13, what is 1592 + -6792?
-5200
In base 13, what is c4786591 - -2?
c4786593
In base 8, what is -62656 - -16?
-62640
In base 2, what is 110111111101101010 + -1100?
110111111101011110
In base 8, what is 10604 + 12051?
22655
In base 10, what is 2421425 + -507?
2420918
In base 6, what is -2 - -121503543?
121503541
In base 4, what is -12113223111 - -2100?
-12113221011
In base 9, what is 2 - -374421738?
374421741
In base 4, what is -1 - 11321331201?
-11321331202
In base 3, what is -22 - -2201122122?
2201122100
In base 5, what is 11443 - -221424?
233422
In base 4, what is 132112 - -220111332?
220310110
In base 10, what is -18 - 10685859?
-10685877
In base 9, what is -143 - 13366?
-13520
In base 8, what is -7371 + -13067?
-22460
In base 12, what is 4 + -53825850?
-53825848
In base 3, what is -112 - -1220210101101?
1220210100212
In base 16, what is 164 - -1417d2?
141936
In base 2, what is 10010010111 - 100010110110111?
-100000100100000
In base 12, what is 699714 + 537?
69a04b
In base 5, what is 433 + -2232?
-1244
In base 8, what is 202663 - 1264?
201377
In base 11, what is -1082903 + -1?
-1082904
In base 7, what is 604156064 - 3?
604156061
In base 10, what is 2120 - 23?
2097
In base 2, what is 111110101100011000 + -1010010101?
111110100010000011
In base 5, what is 124232330 + 42?
124232422
In base 6, what is 320 + -400410?
-400050
In base 9, what is -31724 - 1486?
-33321
In base 7, what is -62623 + -23152?
-116105
In base 14, what is -3 + -a6d8a4?
-a6d8a7
In base 13, what is 1 - -308508b?
308508c
In base 7, what is -302 + 236526?
236224
In base 2, what is -101101010000000011 - -11011010?
-101101001100101001
In base 4, what is -2022 + 100131103?
100123021
In base 9, what is 13846558 + 45?
13846614
In base 3, what is 122 - -1110221120120?
1110221121012
In base 5, what is -3 + -43430244043?
-43430244101
In base 13, what is -10 - -28a3b7?
28a3a7
In base 5, what is 11 + 2102204141?
2102204202
In base 16, what is -184a626 + 4?
-184a622
In base 14, what is -b + -22820ac?
-22820b9
In base 9, what is -410678250 - 1?
-410678251
In base 2, what is -1000101111000110100 - -101011?
-1000101111000001001
In base 9, what is 20541135 - 33?
20541102
In base 2, what is 10 - -101001000110000100011110?
101001000110000100100000
In base 14, what is c - -26517b?
265189
In base 14, what is 543a7 + 106?
544ad
In base 8, what is -113654570 - -10?
-113654560
In base 12, what is 32 - 349914?
-3498a2
In base 3, what is 12 + 2010221201120?
2010221201202
In base 16, what is -1fda3 + -3a1?
-20144
In base 6, what is 2521 - -50044?
53005
In base 12, what is 6004354 + 25?
6004379
In base 2, what is -1000 + -11011101110100100010011?
-11011101110100100011011
In base 3, what is -100120100 - -20002220?
-10110110
In base 12, what is 2063877 - 0?
2063877
In base 11, what is 2 - 93183292?
-93183290
In base 14, what is 17 + 656424?
65643b
In base 3, what is -1212001101022121 - -2?
-1212001101022112
In base 3, what is -12102220222202002 - -11?
-12102220222201221
In base 8, what is 1061300 + 3?
1061303
In base 5, what is -22311 - -1424334?
1402023
In base 16, what is -79c + -2b2d?
-32c9
In base 15, what is -cd05 + 7b0?
-c545
In base 12, what is -5b11 + a36?
-5097
In base 8, what is 37462 + 11426?
51110
In base 13, what is -72 - -296c3?
29651
In base 14, what is 3 + 2118d242?
2118d245
In base 15, what is 15e8d + b7?
16055
In base 7, what is 412346625 - 5?
412346620
In base 9, what is -160330 - -446?
-158773
In base 7, what is 1606336 + 24?
1606363
In base 12, what is 4a3611 + 1a?
4a362b
In base 2, what is 1000101011000000 - 101010010111?
1000000000101001
In base 11, what is 23474 - -30?
234a4
In base 8, what is 153 + 3660?
4033
In base 11, what is -1263 + 1377?
114
In base 2, what is -100 - -10010000011110111001010?
10010000011110111000110
In base 14, what is -1a + -33a39d?
-33a3b9
In base 15, what is 2c52 - 3856?
-b04
In base 13, what is -2 + 619264?
619262
In base 12, what is 10 + 53483a2?
53483b2
In base 5, what is -12233 - 12104341?
-12122124
In base 15, what is cc2d - 129d?
b980
In base 10, what is 213183 - -38?
213221
In base 11, what is -1028a + 17646?
7367
In base 15, what is 4028 + -3082?
e96
In base 13, what is -18116 - -37?
-180ac
In base 8, what is -43461403 - 0?
-43461403
In base 16, what is -6 + 257f086?
257f080
In base 2, what is 1 + -11000100000010000111010?
-11000100000010000111001
In base 7, what is 0 - 61614541?
-61614541
In base 12, what is -4216084 + 2?
-4216082
In base 15, what is -30594d + 5b?
-3058e2
In base 7, what is 120 + -64545006?
-64544556
In base 12, what is -5198 - -8151?
2b75
In base 4, what is 3122 - 133121102?
-133111320
In base 12, what is 2 + -671154?
-671152
In base 11, what is -2035376 + -2?
-2035378
In base 6, what is -53 + 33134341?
33134244
In base 3, what is 1122 + 12211000110?
12211002002
In base 13, what is -454ac688 - 1?
-454ac689
In base 5, what is -1100004 + 42204?
-1002300
In base 3, what is -21021212211222101 - -11?
-21021212211222020
In base 14, what is b2 - 3c9d4?
-3c922
In base 9, what is -102 + 34401?
34288
In base 11, what is -388a080 - -14?
-388a067
In base 6, what is -2022 + -230011?
-232033
In base 10, what is -5 + -12227538?
-12227543
In base 13, what is -17c6b + -120?
-1808b
In base 9, what is -423656 - 7?
-423664
In base 2, what is 10001010011000101000001 + 1000?
10001010011000101001001
In base 10, what is -6129 + 11615?
5486
In base 9, what is -761 - 682243?
-683114
In base 2, what is 1101 - 111001111001011111110?
-111001111001011110001
In base 7, what is 53 - -32164656?
32165042
In base 10, what is -96089203 + 4?
-96089199
In base 14, what is 1 - -9462822?
9462823
In base 9, what is -230001 + -23?
-230024
In base 8, what is -4 + 170117324?
170117320
In base 7, what is 53 + -3616501?
-3616415
In base 15, what is b7751 - 16?
b773a
In base 8, what is -1074 - -131213?
130117
In base 11, what is -116 - -a803?
a698
In base 16, what is 8 - -3454d0?
3454d8
In base 5, what is 0 + 1003232024?
1003232024
In base 11, what is 19 - 595?
-577
In base 11, what is -1482a + -6?
-14835
In base 12, what is -b0425 + 6?
-b041b
In base 4, what is 1 - 2032031?
-2032030
In base 9, what is -715347 + 84?
-715253
In base 13, what is 26963 - 2b?
26935
In base 10, what is -87239664 + 3?
-87239661
In base 12, what is -56735 - -18?
-56719
In base 9, what is 1010 + 607577?
608587
In base 7, what is 26614416 + -105?
26614311
In base 14, what is 1d47 + -4060?
-2117
In base 10, what is -330 - -794770?
794440
In base 2, what is 11 - -100111011001110001001110?
100111011001110001010001
In base 15, what is -6b3 - -76e?
ab
In base 8, what is 2 + -17443477?
-17443475
In base 8, what is -1506477 + -3162?